 composite number?
False
Suppose 28*u = 33*u - 60. Suppose -u + 36 = 2*x. Is 9*(1036/x)/7 prime?
False
Is (15 + -7 - 16)*(-1357559)/56 composite?
False
Suppose 0 = -2*k + 5*i + 69576, -139162 = -4*k - 0*i + 5*i. Is k composite?
True
Let j be (3 - 6) + 7/1. Let t(v) = -v**3 - 5*v**2 + 7*v + 8. Let u be t(-6). Suppose -j = -4*y, 2*y = 2*w - u*y - 7602. Is w composite?
False
Let s(k) = -101*k**3 - 8*k**2 - 5*k + 21. Let o be s(-5). Let d = 33464 - o. Is d a prime number?
False
Let i(r) be the third derivative of -r**6/120 + r**5/20 - r**4/12 + 5*r**3/6 + 20*r**2. Let z be i(3). Is 1 + z - ((-3336 - 5) + 0) a prime number?
False
Suppose -3*n + 2*n - 2 = -4*m, 0 = 3*n + 5*m - 28. Let q be 922/(-5)*(-30)/n. Let w = q + -359. Is w a prime number?
True
Let d = -39 - -50. Let l(n) = 2*n - 19. Let k be l(d). Let r(i) = 469*i - 10. Is r(k) prime?
False
Let l be (-192)/(-480) - (23/(-5) + 1). Suppose -l*i - 103*g = -106*g - 16385, 3*i - 4*g - 12287 = 0. Is i a prime number?
False
Suppose -4*g + 83461 = -5*t + 1089168, -g = -3*t + 603427. Is t prime?
False
Let i be -3495 + -7 + (7 - 2). Let n = 5746 + i. Let w = n + -1296. Is w composite?
False
Let n = 54 - 64. Suppose -4*y - 75 = -y + 3*h, 4*h - 60 = 4*y. Is 1/(y/(-12)) + (-9964)/n composite?
False
Suppose 10*g = 13*g - 4680. Suppose -48 - g = -2*o. Suppose -u + 3125 = o. Is u composite?
True
Suppose 10*l - 6803977 = -6*l + 2111335. Is l prime?
False
Let h(f) = -f**3 - 18*f**2 - 15*f + 36. Let j be h(-17). Suppose j*a = -a. Suppose a = 2*g + g - 282. Is g prime?
False
Let q(t) = 324*t**2 - 8*t - 168. Let o be q(-27). Suppose -41*x = 42437 - o. Is x prime?
False
Let y be (3/(-6)*6)/(-1). Let o(t) = 38*t**2 - 29*t + 4. Is o(y) composite?
True
Let l = 335 - 329. Suppose l*o = 15*o - 66141. Is o a prime number?
True
Let j = 111753 - 38170. Is j composite?
False
Let n(d) = 409*d**2 - 62*d + 3690. Is n(55) composite?
True
Suppose -7*y + 42 = -49. Suppose 27*i - 100120 = -y*i. Is i a prime number?
True
Let d = -190852 - -361553. Is d prime?
True
Let y(d) = 3589*d - 283. Is y(6) a composite number?
True
Suppose 5*m = -0*m, -2*r = -4*m - 10. Suppose 2*a = -3*u - 3, r*a + u = 3*u + 21. Suppose 2*s - 871 = a*y + 78, 4*s - 1922 = -2*y. Is s prime?
True
Suppose -39*g = 192*g - 4938087. Is g composite?
False
Let p = 47 - 52. Let j be (30/20)/((p/(-2))/5). Is j/(3/478) - (20 - 21) composite?
False
Let m(x) = -13*x**3 + 37*x**2 + 81*x + 206. Is m(-21) a prime number?
False
Let h be 64 + (-14)/(1 - -1). Suppose -26689 = 44*t - h*t. Is t a composite number?
False
Suppose -l - 3*r + 9847 = 0, 436*l + 2*r - 49339 = 431*l. Is l a prime number?
True
Let l be ((-7)/(-1))/(6 + -5). Suppose 1 = -2*o + l. Suppose 2*y = o*k - 3945, 5*k - 6575 = -0*k + 2*y. Is k a prime number?
False
Suppose m + 3*m + 192 = 0. Is (0 - -13260) + m/48 a prime number?
True
Let o(l) = -l**3 + 28*l**2 - 47*l + 43. Let k(d) = -d**2 + 3. Let y(f) = -4*k(f) - o(f). Is y(29) prime?
False
Suppose 35*l = 5*l + 660. Suppose -8422 = 21*m - l*m. Is m prime?
False
Let c(m) = 86*m - 183. Suppose 54 = 2*y + 40. Is c(y) prime?
True
Let i = -1391 + 2648. Suppose -7*o + i = -220. Is o prime?
True
Let q(c) = -3*c - 18. Let o be q(-7). Suppose -r + o*r - 12 = -4*n, -5*n + 2*r = -24. Suppose n*m - m - 573 = 0. Is m a composite number?
False
Is (31/279 - (-4)/(-9))*-121983 a prime number?
False
Let c = -4389 + 2997. Let z = c + 2916. Suppose b - 1555 = z. Is b a prime number?
True
Let y be (2/6)/((-6)/(-54)). Suppose 0 = y*f - 23 - 10. Suppose f*m + 1642 = 13*m. Is m a composite number?
False
Suppose 10*n - 4232849 = -2*n + 422083. Is n composite?
False
Let p be (-18)/6*1 - 8*-8. Let w = -51 + p. Suppose 7*u - w*u + 762 = 0. Is u composite?
True
Let o = -221 - -206. Is ((-9)/o)/(7330/7325 + -1) a prime number?
False
Let g = -1404 - 383. Let b = 710 - g. Is b a prime number?
False
Suppose 4*i - 50240 = -4*h, -25*i = -28*i - 4*h + 37686. Is i composite?
True
Let y(m) = 64*m**3 + m**2 + 4. Let b be y(3). Let s = 4028 - b. Is s composite?
False
Let f(w) = 8189*w - 273. Is f(22) composite?
True
Suppose -63837 = -6*c + 63777. Is c a composite number?
False
Suppose 3*w = -21, 3*w - 702946 - 792277 = -4*i. Is i prime?
False
Let k = 15752 - 10161. Is k a prime number?
True
Let h be (-2)/(-4) - 1532*(-71)/(-8). Let n = h + 21403. Is n a composite number?
True
Let r(z) = -z - 1. Let d(v) = -v**2 - 14*v - 13. Let i(s) = -d(s) + 2*r(s). Let t be i(-11). Suppose o - 3*b = 3*o - 601, t = 4*b - 20. Is o a prime number?
True
Suppose -96 = 2*d + 3*l, 2*d - 4*l + 6 = -62. Is 11678/(8 + d/7) a composite number?
False
Let g(z) = z + 14. Let o be g(9). Let f(m) = -2*m**2 + 50*m - 10. Let t be f(o). Let k = t - 59. Is k a prime number?
True
Let v(h) = 2135*h + 1858. Is v(63) a prime number?
False
Let k = 310 - 304. Let o = -5 - -2. Is (-1473)/k*(o + 1) composite?
False
Suppose 2*i - 4*i = -3*g + 3411, -g = -4*i - 1127. Suppose -g = -3*z + 274. Suppose 2*c + c = z. Is c a prime number?
True
Let u(f) = -f**3 - 4*f**2 + 4*f. Let k be u(-5). Suppose k*l = 10*l - 1070. Let c = l - 87. Is c prime?
True
Suppose -5*w - 5*m = -539505 - 400635, 2*w - 376062 = 4*m. Is w a composite number?
False
Let j = 748 - -6476. Let n = j - 4447. Is n a composite number?
False
Let d be (12/(-2))/(4 - 5). Is (4 + -2)*(20541/d + -4) prime?
False
Suppose 0 = -4*d + 6*d - 6. Suppose d*h = 0, 4*o + 0 - 12 = -h. Suppose -o*i + 2*i + 14 = 0. Is i composite?
True
Suppose -12 = 3*r - 27. Suppose -47860 - 25615 = -r*b. Is b composite?
True
Let i = 126443 - -36446. Is i a composite number?
False
Suppose k - 1 = -5*v, 3*v - 19*k - 1 = -20*k. Let l(c) = -2*c**3 + 4*c + 2539. Is l(v) composite?
False
Let p = 71 + -32. Suppose 33*h = 30*h + p. Suppose h*q - 1460 = 9*q. Is q a composite number?
True
Let n(u) = -6971*u + 756. Is n(-15) a composite number?
True
Suppose 494 = -8*k + 534. Suppose g - 2*n - 11333 = 0, k*g = g + 3*n + 45352. Is g a composite number?
True
Let x = 9396 + 6407. Is x prime?
True
Suppose 6*s = -0*s + 42. Let l(f) = -50*f**2 - 8*f. Let j(m) = 25*m**2 + 4*m. Let w(q) = s*j(q) + 3*l(q). Is w(3) composite?
True
Suppose -4*l + 21 = -l - 5*f, 0 = f + 3. Suppose 9*r - 22 = -l*r. Is 6/15 - ((-2686)/5)/r composite?
False
Let w(r) = -r**3 - 2*r**2 + 2*r + 3. Let c be w(0). Let g(m) = 2*m - 6. Let p be g(c). Suppose p = -5*u - 2*y + 2853, 2*y - 1462 = -4*u + 820. Is u prime?
True
Is (0/(-6) + 1658523)*(-11 - 280/(-24)) a prime number?
False
Suppose z - 11 = -4*v + 2*z, -4*z + 40 = 5*v. Let f(p) = -8*p + 25. Let y be f(v). Let q = y + 138. Is q composite?
False
Is ((-24)/(-3) - 0) + (-67)/((-536)/315000) composite?
False
Suppose 3*z - 5*o = 733, 155 = -5*z + 2*o + 1383. Let m = 419 - z. Is 5/(5/m) + 4 composite?
True
Let p(z) = -z - 3. Let s be p(-5). Suppose -u = -4*n + 10115, -3*n = -s*u + u - 7587. Let t = -1501 + n. Is t a composite number?
True
Let k(r) = r**2 - 15. Let a = -175 + 168. Is k(a) composite?
True
Is (55039 - -4) + (-36)/10*(-170)/102 composite?
False
Suppose 2*r = c + 17493, -3*c - 5312 - 3437 = -r. Let j = r - 2967. Is j a prime number?
True
Suppose l + 486432 = 3*g - 69770, 0 = -3*g - 5*l + 556208. Is g a composite number?
False
Let g(v) = -1220*v - 1. Let d = -114 + 115. Let j be g(d). Let k = j + 1786. Is k composite?
True
Suppose 0 = 4*c - 7786 - 510. Let s = c - 1391. Suppose 0 = -4*r - h + 2732, -r + h + s = -0*r. Is r prime?
True
Suppose 28*h - 34*h = 49*h - 1740035. Is h a prime number?
False
Let d(h) be the first derivative of -3*h**2 - h + 270. Let z(s) = -2*s**2 + 3*s + 3. Let o be z(3). Is d(o) a composite number?
True
Let q(w) be the first derivative of 2*w**3 - 23*w**2/2 + 19*w - 41. Is q(-26) a composite number?
False
Let c = -73098 - -377057. Is c composite?
False
Let w(p) = -301*p**2 + 303*p**2 - 9 + 26. Suppose -5*a + 0*a - 25 = 0. Is w(a) a composite number?
False
Let w(v) = -158*v - 1. Let t(q) = 2*q**2 - 13*q + 5. Let g = 3 + 3. Let o be t(g). Is w(o) a composite number?
False
Let i(a) = 2*a + 11. Let h be i(5). Let b(d) = 20*d + h*d**2 - 14*d - 8*d - 3. Is b(-2) prime?
False
Let c be (-1896)/264 + (8/(-11))/(-4). Is c/(35/(-15)) + 8705 + 1 prime?
False
Let u be ((-4106)/(-3 + -1 + 5))/2. Let z = 1161 - u. Is z a composite number?
True
Let f(h) = -2*h - 21. Let t be f(10). Let j 